 is the highest common factor of t and c?
23
Suppose 59198 = -185*d + 7*d + 714238. Calculate the greatest common factor of d and 115.
115
Let o(d) = 23*d**3 + d**2 + 6*d - 4. Suppose g + g - 2 = v, -5*v = 3*g - 16. Let p be o(v). Calculate the greatest common divisor of 28 and p.
28
Let c be (7 - 3)/((128/(-3912))/(-4)). What is the greatest common divisor of 3 and c?
3
Let c = -127600 - -127613. Let a = -333 - -502. What is the highest common factor of a and c?
13
Let m be (-9 + -16 - -52)*20/6. Calculate the greatest common factor of 9270 and m.
90
Let g be -5 - (-8)/((-4 + 5)*2). Let h be -2*(3 - (g - -3)) + 301. Calculate the greatest common factor of h and 23.
23
Let u(r) = 57*r**2 - 53*r - 106. Let a be u(-2). Let o(i) = i**2 + 8. Let l be o(12). Calculate the greatest common divisor of a and l.
76
Suppose -46 = 4*m - 146. Let t(o) = 214*o + 51. Let c be t(1). Let i = -40 + c. Calculate the greatest common factor of i and m.
25
Let u be (18 - 19)/(1/(-8)). Suppose 0 = 4*h - u*h - 4*y + 804, -3*h + 601 = y. Calculate the highest common factor of 25 and h.
25
Let n = 105 + -7. Suppose s + 17 = n. What is the highest common divisor of s and 9?
9
Suppose -3*z - 1926 = -4*j, -5*z + 1910 = -11*j + 15*j. Let x be (-3)/21 - (-17)/(476/j). Calculate the highest common divisor of 221 and x.
17
Let v = 10187 + -7294. What is the greatest common factor of v and 44?
11
Let i(r) = -r**3 + 15*r**2 - 15*r + 19. Let z be i(14). Let x be (-1732)/5 + 2/z. Let u be 56/196 - x/14. Calculate the greatest common divisor of 75 and u.
25
Let t(f) = f**2 + 5*f - 8. Let d be t(-7). Let l(v) = 47 + 2*v + 5*v - d*v - 2*v. Let n be l(28). Calculate the highest common divisor of 209 and n.
19
Let b(j) = j**3 + 18*j**2 + 16*j + 23. Suppose 5*p - 9 = 2*n, -6 + 3 = -n + 4*p. Let t be b(n). Calculate the greatest common divisor of t and 5.
5
Let c = -3 - -5. Let i(n) = -2*n**2 - 1. Let t(q) = -18*q**2 - q + 2. Let w(o) = -2*i(o) - t(o). Let u be w(c). What is the greatest common factor of u and 10?
10
Let d be (-8636)/(-18) - 8/(-36). Suppose -d = 112*o - 116*o. What is the highest common factor of o and 15?
15
Suppose -5*j - 2*p + 7*p = -95, 0 = -4*j - 4*p + 60. Calculate the highest common divisor of j and 281.
1
Let b be 60*(-12 + 1725/45). Calculate the greatest common divisor of b and 60.
20
Let s be (-1*204/9)/(7/(-42)). Suppose h = 4*u + 19, 3*h - u - s = -h. What is the greatest common divisor of h and 280?
35
Let m be (7350/1155)/(2/11). What is the highest common divisor of 1 and m?
1
Let l = 29 - -37. Suppose 0 = -5*d - 6*d + l. What is the highest common factor of 132 and d?
6
Let y(m) be the second derivative of -3*m**5/20 - 5*m**4/3 + 3*m**3 - m**2 + 165*m. Let o be y(-9). Calculate the highest common divisor of 39 and o.
13
Let a = 680 - 190. Suppose -121*m - 36 = -2*u - 117*m, 5*u = -2*m + 42. What is the greatest common factor of a and u?
10
Suppose 0 = -2*i + 2*b + 14, -16*i - b = -20*i + 13. Let c be 15 + (0 - (-2 - -1)). Let q = -13 + c. Calculate the highest common divisor of q and i.
1
Suppose 17751 + 7779 = 46*j. Calculate the highest common factor of 15 and j.
15
Let i(k) = -k**2 - 5*k + 6. Let s be i(-5). Let r be s/(-18)*(-1 + -38). Suppose 0 = l - r - 7. What is the highest common divisor of 40 and l?
20
Let v = -469 + 472. Suppose -1803 = -4*s + g, -v*s + 1335 = 4*g + g. What is the highest common factor of s and 100?
50
Suppose -19111 = -144*v + 11129. What is the highest common divisor of v and 1498?
14
Suppose 3*l = 90*o - 86*o - 47533, -2*o + 2*l = -23768. Calculate the greatest common factor of o and 109.
109
Let b(a) = a**3 + 11*a**2 + 9*a - 13. Let x be b(-10). Let y be (x - -4) + 1 - -166. What is the greatest common factor of y and 21?
21
Let b(f) = -f**2 + 141*f + 255. Let s be b(43). Calculate the highest common factor of 41 and s.
41
Let n(l) = l**2 - 7*l - 4. Let q be n(5). Let u be (1/3)/(q/(-336)). Let t be (-3 - u/(-3))*-102. What is the greatest common factor of 238 and t?
34
Let t be (-5)/(-50)*434 + (-33)/(-55). What is the greatest common divisor of t and 605?
11
Suppose -3*t + 5*l - l = -28, t + 4*l + 12 = 0. Let z(j) = 28*j - 26. Let u be z(t). Suppose -23*q + u = -21*q. What is the highest common factor of q and 301?
43
Suppose 0 = 107*j - 98*j - 3564. Suppose 5*m = 2*k + 1818, -j = -3*m + 3*k + 693. What is the greatest common divisor of 28 and m?
28
Suppose 169*z - 171*z + 44 = 0. Suppose 28*d = 39*d - z. What is the greatest common factor of d and 10?
2
Suppose -6 - 4 = -5*z + 4*n, 4*n - 20 = 0. Let w(t) = 4*t**2 + 9*t - 9. Let m be w(z). Calculate the highest common divisor of 7 and m.
7
Suppose k = 6*k + 1440. Let t = -261 - -247. Let a be k/t + 6/14. What is the highest common divisor of a and 42?
21
Let a = 33286 - 32774. Let d(l) = -l**3 - 9*l**2 + 15*l + 19. Let v be d(-11). What is the highest common divisor of a and v?
32
Let i(g) = 11*g**2 + 61*g + 710. Let b be i(-12). What is the greatest common factor of 213 and b?
71
Let c = 124 + -127. Let q be ((-1)/c)/(1 + (-40)/45). Suppose g - 13 = -f, q*g = -f + 24 - 5. Calculate the greatest common divisor of 130 and f.
10
Let a(p) = -162*p**2 - 221*p. Let i be a(-1). What is the highest common factor of 236 and i?
59
Let g be 87/(25/10 + -1). Suppose 0 = -o - 2*l + 79, 6*l - 75 = -o + 3*l. What is the greatest common factor of o and g?
29
Suppose -n = -h - 9, 14 = -3*h + 2*n - 15. Let p be 1/((33/(-36))/h)*1. Calculate the highest common factor of p and 27.
3
Let n(d) = 2*d**3 + 3*d**2 - 5*d + 3. Let c be n(-5). Let z = c + 162. Calculate the greatest common factor of z and 60.
15
Suppose -4*t + 66 = -134. Suppose -2*l + 4*l = 0, -p + 5*l + 23 = 0. Suppose -p*v - 80 = -27*v. Calculate the highest common factor of v and t.
10
Suppose -f + 0*f + 3 = 0. Suppose -5*z - 14 = -f*t - 9, 0 = -3*z + t + 1. Calculate the greatest common factor of z and 5.
1
Let y(v) = v**3 + v**2 - 8*v + 4. Let u(h) = 2*h. Let c be u(3). Let f be y(c). Let d = -20 + 46. Calculate the highest common divisor of f and d.
26
Let c = 574 + -343. Suppose 354*s = -153*s + 94*s + 127204. Calculate the highest common divisor of c and s.
77
Let v(h) = 394*h - 1532. Let n be v(10). What is the highest common divisor of n and 84?
28
Let j = 329 + -324. Suppose j*y = -5*c + 190, 2*y + 6 = -y. What is the greatest common factor of 100 and c?
20
Suppose -w = 1, -272 = -p - 5*w + 328. What is the highest common divisor of p and 1331?
121
Let i(c) = 11*c + 91. Let v be i(-10). Let o be 7*14 + 25 + v. What is the greatest common factor of o and 13?
13
Suppose -11934 = -d - 5*a, -d + 8086 = -2*a - 3834. What is the highest common divisor of d and 22?
22
Let g(x) = -5*x**2 + 4*x - 12 + 72*x + 26 + x**2 + 33. Let l be g(18). What is the highest common divisor of l and 7?
7
Let p(x) = 78*x - 822. Let a be p(13). What is the highest common divisor of 832 and a?
64
Suppose 0 = -40*l + 10040 + 9480. What is the greatest common divisor of l and 1525?
61
Suppose -112 = -5*a - 2*r, 4*r + 76 = 3*a + 3*r. Let l be (-2)/3 + 1900/15. Let c = l - 94. What is the highest common divisor of a and c?
8
Let p = 19 - 5. Let v be (36 + (-19808)/96)/((-1 + 4)/(-9)). What is the highest common divisor of p and v?
7
Let p(s) = -638*s + 5302. Let c be p(7). Calculate the highest common factor of c and 3553.
209
Let t = 2487 + -2423. Let o(f) = 16*f + 48. Let h be o(19). What is the greatest common divisor of h and t?
32
Let t be 2 - -77 - (-6 - -4). Suppose 16*p - 7*p = t. Let u be p/(27/8)*6. Calculate the greatest common factor of u and 24.
8
Let n(y) = -y**3 + 4*y**2 - 5*y. Let d be n(5). Let m = 1695 - 1778. Let g = d - m. Calculate the highest common factor of 22 and g.
11
Let f(v) = v**3 + 12*v**2 - 11*v + 33. Let k be f(-9). What is the greatest common divisor of k and 45?
15
Let m = 30641 + -29395. Calculate the greatest common factor of m and 266.
14
Let k(u) = -2*u**3 - 6*u**2 + 4. Let y be k(-4). Suppose 24*m - 24*m + 1035 = 23*m. Calculate the greatest common factor of m and y.
9
Let z be (-2430)/(-70) + 4/14. Let y be (-24)/20 + 2177/z. What is the highest common factor of y and 305?
61
Suppose -110*h + 176055 = 1193*h - 236*h. Suppose 0 = 2*k - 8, -5*r + 4*r = 5*k - 75. What is the greatest common factor of r and h